19 and n.
19
Suppose 280 = 7*f + f. Let s = f - 55. Let u = s + 212. Calculate the greatest common factor of u and 24.
24
Let r be (92/3)/(-4 + (-42)/(-9)). Let v = 48 - r. Suppose -5*c - 4*n + 121 = 0, 0 = -c + 5*n - v*n + 28. What is the greatest common divisor of c and 150?
25
Let c be 5 + (0 - 28/4). Let s be ((-1)/(c/10))/(2/16). Suppose -z + 5*i - 2 = -0*z, 36 = 4*z + 2*i. Calculate the greatest common factor of z and s.
8
Let v = -12 + 25. Let b = 44 - 41. Let p be (-13)/(13/(-10)) + b. What is the highest common factor of v and p?
13
Let o(r) = 6*r - 6. Let f be o(7). Let h be (-1 + 5/2)*12/18. Let i be (18 + 3 + (-3)/h)/2. Calculate the greatest common factor of i and f.
9
Suppose -528 = 9*m - 12*m. Suppose 0 = -2*u + 6, 2*u + 20 + 6 = i. Suppose i = -4*h + 2*w + 114, 3*h - 75 = -3*w. What is the greatest common factor of m and h?
22
Let t = -46 - -54. Suppose 0 = -t*p + 10 + 14. Let f = 7 - 1. What is the highest common factor of f and p?
3
Suppose -2*a = -a - 1, 0 = 4*p + 4*a - 3508. Calculate the greatest common divisor of p and 96.
12
Let v = -883 + 897. Let g(n) = n**3 + 3*n**2 - 5*n + 4. Let p be g(2). What is the greatest common divisor of p and v?
14
Suppose 0 = 40*n + 13735 - 100295. Calculate the greatest common factor of 4 and n.
4
Suppose 100*i - 48*i - 5252 = 0. Calculate the greatest common factor of 2 and i.
1
Suppose 35875 - 5423 = 51*q + 617. Calculate the greatest common divisor of 455 and q.
65
Let z(w) = 3*w - 6. Let g be (10 + 5)*1/5. Let s be z(g). Let p be (1 + 1)*(-9)/(-24)*4. What is the highest common divisor of s and p?
3
Suppose 6*a = 2*a. Suppose -6*d - 679 + 2419 = a. Let o = -114 + d. Calculate the highest common factor of 16 and o.
16
Let m = 56 - -34. Let q be -362*(-4 + 28/8). Let r = q - 121. Calculate the highest common factor of m and r.
30
Let j = -2766 - -2768. Suppose 0 = -3*f - 9, -h - 3 = f - 1. What is the greatest common factor of j and h?
1
Suppose -78*c + 83*c = 5*u + 1415, u = -c + 297. What is the greatest common factor of c and 23490?
290
Let f = -7088 - -7137. What is the highest common divisor of f and 119?
7
Let q be ((-104)/130)/((-2)/5). Let o be ((-1276)/(-8) + 0)*q. Calculate the greatest common factor of o and 11.
11
Let z = -392 - -405. Suppose 0*r - 13 = -r. Calculate the greatest common divisor of z and r.
13
Suppose 8*p + 18 = 2. Let d be (-30 + 19)*p/11. Calculate the greatest common factor of d and 1.
1
Suppose 9*y = 59765 - 51629. What is the highest common factor of y and 7006?
226
Suppose 18 = w + 8*w. Suppose -g + w*g + 9 = 3*d, -2 = g + 4*d. Let s = 19 + g. Calculate the highest common factor of 117 and s.
13
Suppose -32*d = -47*d + 62820. What is the greatest common divisor of d and 36?
12
Let p(u) = 31 - 15*u + 18*u - 14*u. Let z be p(2). What is the highest common factor of z and 3?
3
Let y be ((-2)/(-10))/((-5)/(-50)) + -10. Let n be (-84)/y - (-30)/(-12). Calculate the highest common divisor of n and 5.
1
Suppose -k = -4, -m = -k - 0*k - 16. Let q be (-1)/(-1) + 2/(8/m). Let z(v) = 14*v**2 - v - 4. Let j be z(-2). What is the highest common divisor of j and q?
6
Let d(x) = -x**3 - 3*x**2 - 6*x - 2. Let m be d(-3). Suppose 0 = w + 5*n - 277, 4*w = 3*n - 667 + 1752. Calculate the greatest common divisor of m and w.
16
Suppose 0 = 81*s - 3 - 1050. What is the highest common divisor of s and 22?
1
Let s = 28 + 52. Let q = 289 - s. What is the highest common divisor of 22 and q?
11
Let q be ((-4)/(-6))/((-8)/(-11172)) + 9. Calculate the greatest common divisor of 180 and q.
20
Let r be (-216)/180*10/(-3). Suppose 5*q - 35 = -5*x, -3*q + 6*q = -r*x + 33. Calculate the highest common factor of x and 5.
1
Let f = 1410 + -1277. Calculate the greatest common factor of 114 and f.
19
Suppose 2*t = -x - 12, -16*t + 24 = -4*x - 18*t. Let f(o) = o**3 + 6*o**2 + 3*o - 2. Let p be f(x). Calculate the greatest common divisor of p and 171.
9
Suppose -53*q - 187426 = -513111. Calculate the highest common divisor of 10 and q.
5
Let g = -1241 - -1273. Suppose 4*k - 652 = 3*j, -4*k - 4*j = -718 + 94. What is the highest common factor of k and g?
32
Let j be (-454 + 24)/(-10) + (-16 - -2). Let b be (-1 + 42)/(-1)*-29. What is the highest common divisor of b and j?
29
Suppose -1144 = -2*g - 2*g. Let n = 607 + -603. Suppose -78 = -3*d - 5*x, -x = -n*d - 4*x + 104. What is the greatest common divisor of g and d?
26
Let y be (-4 - 2)*-1*8/6. Suppose 233 = h + x, -y*x - 223 = -h - 11*x. What is the highest common factor of 14 and h?
14
Suppose j = 10*j + 15*j - 35616. Calculate the highest common factor of 530 and j.
106
Let k be -13*(-2)/((-1 + 118)/9). Suppose 3*t = -2*t + 15. Suppose p = -t, 3 = 2*h - 5*h - 2*p. What is the greatest common divisor of h and k?
1
Suppose -g - 25 = -6*g. Suppose g*k = -m + 6*m + 1605, 638 = 2*k - 4*m. Calculate the greatest common factor of 17 and k.
17
Suppose 20 = -88*x + 86*x. Let r(l) = 2*l**3 + 18*l**2 - 24*l - 14. Let m be r(x). What is the greatest common factor of m and 39?
13
Let a(g) = -2510*g + 9631. Let p be a(-11). What is the highest common factor of 223 and p?
223
Suppose 3*b - 1126 = -34*m + 30*m, m - 280 = -b. What is the highest common divisor of m and 26?
26
Let y(l) = -l**3 - 22*l**2 - 11*l + 254. Let n be y(-21). What is the highest common divisor of 16148 and n?
44
Suppose 3*i - 1105 = -2*q, 0 = i + 4*i + q - 1851. Let c = 595 - i. Calculate the highest common factor of 56 and c.
56
Let l = 12766 + -12746. Calculate the highest common divisor of l and 824.
4
Let b be 166 - ((-11)/(-5) + 1/(-5)). Let s = 202 - b. What is the highest common factor of 114 and s?
38
Suppose 109*k - 2021 = 922. Let r = -6 + 15. Calculate the highest common factor of k and r.
9
Let f(g) = g**2 + 7*g - 6. Let i be f(-9). Let n(q) = -2*q + 34. Let a be n(13). Let p be (a/(-16))/(3/(-288)). What is the greatest common divisor of p and i?
12
Let w be (-2541)/99*(-36)/42. What is the highest common divisor of 506 and w?
22
Let z(x) = x**2 - 3*x - 2. Let q be z(5). Suppose 30*f - 76 = 49*f. Let t be (f/3)/(((-70)/(-60))/(-7)). What is the greatest common factor of q and t?
8
Let n(c) be the first derivative of c**4/4 + 8*c**3/3 - 3*c**2/2 - 10*c + 34. Let t be n(-7). Calculate the highest common divisor of t and 20.
20
Suppose 2*s - 4*s + 52 = 0. Suppose 582 = 5*n - 3*o, 584 = -4*o + 588. Calculate the greatest common divisor of n and s.
13
Let x be (((-25)/10)/5)/(2/(-12)). Suppose -x*z + 24 = 21*z. Calculate the highest common divisor of 4 and z.
1
Suppose a = -1 + 6. Let x(q) = 4*q + 9. Let s(v) = -4*v - 8. Let o(d) = -5*s(d) - 4*x(d). Let i be o(a). Calculate the greatest common factor of i and 96.
24
Let p = -11 + 16. Suppose 0 = 2*w - 5*d - 158, -16 = -d + p*d. Suppose v + w = 3*y, -y - v + 30 = v. What is the highest common factor of 24 and y?
24
Let j be (-4)/(-1) - 0/3. Suppose -j*c + 10 + 42 = 0. Let f = -2490 - -2581. What is the greatest common factor of c and f?
13
Let z = -9 - -2. Let y be (-1 + 8)*((-171)/z - -9). Calculate the highest common factor of 36 and y.
18
Let k(m) = -51*m - 336. Let l(v) = 26*v + 168. Let s(c) = 4*k(c) + 7*l(c). Let d be s(-12). Calculate the highest common factor of 6 and d.
6
Suppose -14241*u + 14488*u = 1482. Let o(t) = -t**2 + 5*t. Let n be (-4)/(-6) + 7/3. Let y be o(n). What is the highest common divisor of u and y?
6
Suppose -34*b + 35*b - 161*b = -4800. Calculate the greatest common divisor of b and 130.
10
Let s = -853 + 871. What is the highest common factor of s and 243?
9
Let g(h) = -2*h**3 - 6*h**2 - 88*h - 370. Let p be g(-5). Calculate the greatest common divisor of 3440 and p.
10
Suppose -a = 3*p - 629, -6*a - 1 = -5*a. Suppose 27*g = 5*o + 23*g - 314, -3*g + p = 3*o. What is the highest common divisor of o and 24?
6
Let o = 51 + -32. Suppose 104 = o*a - 48. What is the highest common divisor of a and 2?
2
Let k(w) = -11*w**3 + 3*w**2 + 5*w + 4. Let c be k(-1). Let g = c + 225. Calculate the greatest common factor of g and 14.
14
Suppose 4*t + 2*m - 12992 = 0, 342*t - 340*t - 6466 = 4*m. What is the greatest common factor of 330 and t?
55
Let l = 8636 + -8543. What is the highest common divisor of 24 and l?
3
Suppose 0 = 2*b + 4*n - 60, 4*b = b - 4*n + 88. Let w be 4 + b/((-7)/(-1)). Suppose 5*i - 224 =